{"id":201,"date":"2023-10-15T19:51:36","date_gmt":"2023-10-15T17:51:36","guid":{"rendered":"http:\/\/aprina.org\/?page_id=201"},"modified":"2025-03-13T15:58:25","modified_gmt":"2025-03-13T14:58:25","slug":"adhesion","status":"publish","type":"page","link":"https:\/\/aprina.org\/index.php\/adherer\/adhesion\/","title":{"rendered":"ADH\u00c9SION"},"content":{"rendered":"<h1 style=\"text-align: center;\">COMMENT ADH\u00c9RER<\/h1>\n<p>Pour adh\u00e9rer, vous avez trois possibilit\u00e9s :<\/p>\n<p><strong>1\/<\/strong> T\u00e9l\u00e9charger le <a href=\"https:\/\/aprina.org\/wp-content\/uploads\/2023\/10\/bulletin-adhesion.pdf\" target=\"_blank\" rel=\"noopener\">bulletin d&rsquo;adh\u00e9sion<\/a>, le remplir et nous le faire parvenir \u00e0 <strong>APRINA, Mairie de Mormant,\u00a0 rue Charles de Gaulle, 77720 MORMANT<\/strong> accompagn\u00e9 du r\u00e8glement de votre cotisation. Aujourd&rsquo;hui la cotisation annuelle est de 12 \u20ac* (de janvier \u00e0 d\u00e9cembre) et donne droit \u00e0 50 MLF (monnaie locale utilis\u00e9e par la communaut\u00e9 du <a href=\"https:\/\/aprina.org\/index.php\/demarrage-du-sel\/\" target=\"_blank\" rel=\"noopener\">Syst\u00e8me d&rsquo;Echange Local<\/a> d&rsquo;APRINA).<\/p>\n<p><strong>2\/<\/strong> Prendre contact avec nous : aprina@laposte.net ;<\/p>\n<p><strong>3\/<\/strong> Nous rencontrer au Repair&rsquo;caf\u00e9 de Mormant, chaque 1er samedi du mois : Gymnase de Mormant, de 14h \u00e0 17h,<strong>\u00a0<\/strong>vous trouverez un responsable.<\/p>\n<p>* Pour une adh\u00e9sion en cours d&rsquo;ann\u00e9e, comptez 1\u20ac\/mois restants :<br \/>\nsi vous adh\u00e9rez en mars -&gt; 9\u20ac, la 1ere ann\u00e9e, puis 12\u20ac lors de votre renouv\u00e8lement en janvier<br \/>\nsi vous adh\u00e9rez en septembre (lors du Forum des associations) -&gt; 3\u20ac, la 1ere ann\u00e9e, puis 12\u20ac lors de votre renouv\u00e8lement en janvier<\/p>\n","protected":false},"excerpt":{"rendered":"<p>COMMENT ADH\u00c9RER Pour adh\u00e9rer, vous avez trois possibilit\u00e9s : 1\/ T\u00e9l\u00e9charger le bulletin d&rsquo;adh\u00e9sion, le remplir et nous le faire parvenir \u00e0 APRINA, Mairie de Mormant,\u00a0 rue Charles de Gaulle, 77720 MORMANT accompagn\u00e9 du r\u00e8glement de votre cotisation. Aujourd&rsquo;hui la cotisation annuelle est de 12 \u20ac* (de janvier \u00e0 d\u00e9cembre) et donne droit \u00e0 50 &hellip; <\/p>\n<p class=\"link-more\"><a href=\"https:\/\/aprina.org\/index.php\/adherer\/adhesion\/\" class=\"more-link\">Continuer la lecture<span class=\"screen-reader-text\"> de &laquo;&nbsp;ADH\u00c9SION&nbsp;&raquo;<\/span><\/a><\/p>\n","protected":false},"author":3,"featured_media":0,"parent":334,"menu_order":0,"comment_status":"closed","ping_status":"closed","template":"","meta":{"footnotes":""},"class_list":["post-201","page","type-page","status-publish","hentry"],"_links":{"self":[{"href":"https:\/\/aprina.org\/index.php\/wp-json\/wp\/v2\/pages\/201","targetHints":{"allow":["GET"]}}],"collection":[{"href":"https:\/\/aprina.org\/index.php\/wp-json\/wp\/v2\/pages"}],"about":[{"href":"https:\/\/aprina.org\/index.php\/wp-json\/wp\/v2\/types\/page"}],"author":[{"embeddable":true,"href":"https:\/\/aprina.org\/index.php\/wp-json\/wp\/v2\/users\/3"}],"replies":[{"embeddable":true,"href":"https:\/\/aprina.org\/index.php\/wp-json\/wp\/v2\/comments?post=201"}],"version-history":[{"count":16,"href":"https:\/\/aprina.org\/index.php\/wp-json\/wp\/v2\/pages\/201\/revisions"}],"predecessor-version":[{"id":1068,"href":"https:\/\/aprina.org\/index.php\/wp-json\/wp\/v2\/pages\/201\/revisions\/1068"}],"up":[{"embeddable":true,"href":"https:\/\/aprina.org\/index.php\/wp-json\/wp\/v2\/pages\/334"}],"wp:attachment":[{"href":"https:\/\/aprina.org\/index.php\/wp-json\/wp\/v2\/media?parent=201"}],"curies":[{"name":"wp","href":"https:\/\/api.w.org\/{rel}","templated":true}]}}